5, 7
Let n(i) = 7*i**2 - 3*i + 3. Let d be n(2). Suppose -7*x + 5*x + 5*o = 47, 5*o - d = 0. Let c = 30 + x. What are the prime factors of c?
19
Suppose -59 = 10*g - 659. List the prime factors of g.
2, 3, 5
Suppose 3*o - 5*s = 174, -5*s - 85 = -4*o + 152. Suppose 0 = 5*p - 22 - o. List the prime factors of p.
17
Suppose -4*l = -3*l - 6. Suppose -7*f - l = -3*f + 3*n, -2*n = -4*f + 4. Suppose h + 3*h - 28 = f. List the prime factors of h.
7
Let v(c) = 3*c + 1. What are the prime factors of v(6)?
19
Suppose l - 4*d - 28 = d, 3*l + 2*d = 16. What are the prime factors of l/2*5/5?
2
Let l(r) = -r - 5. Let m be l(-6). Let f = m + 32. List the prime factors of f.
3, 11
Let s = 246 - 143. Suppose 4*t - u - 17 = 79, -3*u + s = 5*t. What are the prime factors of t?
23
Let p be 1 + 3 - (2 - 3). Suppose p*m - m = 44. What are the prime factors of m?
11
Let f be (-2)/6*(1 - 10). Let u(o) = 13*o + 6. What are the prime factors of u(f)?
3, 5
Let k = -6 - -9. Suppose k*j = -j + 48. List the prime factors of j.
2, 3
Suppose 5*c = -q + 132, 0 = c - 2*c + 1. What are the prime factors of q?
127
Let q = -34 - -17. List the prime factors of 6/(-4) + q/(-2).
7
Let k(l) = -l**3 + 9*l**2 + 6*l + 7. Let y be k(5). Suppose 3*b + 13 = h, -h + 5*h + 5*b - y = 0. What are the prime factors of h?
2, 7
Let j(l) = 9*l**3 - l. Let g = 14 + -10. Suppose 3 = -p + g. What are the prime factors of j(p)?
2
Suppose 4*a = 88 + 88. List the prime factors of a.
2, 11
Suppose -5*h = -10*h. Suppose 4*w - 33 = -3*r, -2*r + h - 2 = 0. What are the prime factors of w?
3
Suppose 12 = 3*c, 4*x - 4*c + 114 = 274. List the prime factors of x.
2, 11
Suppose -3*c - 15 = -0*c. Let w(q) = -5*q - 7. What are the prime factors of w(c)?
2, 3
Let u = 22 - 19. Let j(l) = 16*l + 3. List the prime factors of j(u).
3, 17
Suppose 0 = -3*x - 5*z + 34, -2*x + 11 = 4*z - 15. Let g(p) = 6*p**2 - 1. Let r be g(2). Suppose -x*n + 1 = -r. What are the prime factors of n?
2
Let c(t) = -2*t - 5. Let l be c(-6). Suppose i - 3*z = -18, 5*i - 2*z = -l - 18. What are the prime factors of (-29)/i - (-18)/(-27)?
3
Let k(v) = 2*v**2 + 4*v + 6. Let q be k(5). Suppose -4*c - 6 = 2*s - 42, -q = -3*s + 5*c. Suppose 3*n - 5*n = -s. List the prime factors of n.
11
Suppose 4*t - 3*a = -7*a + 92, 4*t = 5*a + 83. Let y = -13 + t. List the prime factors of y.
3
Suppose 0*n + 3*n - 4 = -5*i, -3*i = n. Let t(a) = 14*a**2 + 2*a + 2. List the prime factors of t(i).
2, 7
Suppose -j + 0*j = -79. What are the prime factors of j?
79
Let i be 2/(-4 - 52/(-12)). Let h = i + 45. What are the prime factors of h?
3, 17
Let i(a) = 2*a**2 - 5*a. Let k be i(4). List the prime factors of (k/4)/3*8.
2
Suppose 0 = -7*s + 2*s + 520. What are the prime factors of s?
2, 13
Let g(t) = -t**2 + 6*t - 7. Let z be g(6). Let q be 136/(-14) + (-6)/21. Let h = z - q. List the prime factors of h.
3
Let x(v) = 21*v - 3. Let q(w) = -w - 1. Let o(k) = 2*q(k) - x(k). Let u be o(1). Let a = -12 - u. List the prime factors of a.
2, 5
Suppose 0 = 3*c - 4*c - 4. Let y = 5 + c. Let w = y - -1. List the prime factors of w.
2
What are the prime factors of -3 - 1 - -6 - -5*13?
67
Let n = 31 + -19. Suppose -2*t - n = -5*t. List the prime factors of 2/t + (-105)/(-6).
2, 3
Let x = -2 - -6. Suppose -x*a + 45 = a. What are the prime factors of a?
3
Let l(p) = -p - 3*p**3 + 1 + 3*p**3 + 3*p**3 + p**2. Let q be l(1). Suppose 0*h - h = 3*s - 27, 0 = -q*h - 5*s + 73. What are the prime factors of h?
2, 3
Suppose -3*a + 0*a + 5*v - 29 = 0, 8 = 2*v. Let t be (a + 0)/(-3)*5. Suppose 3*b + t*d = 40, 26 = 3*b - 3*d - 22. What are the prime factors of b?
3, 5
Let m(s) = s**3 + 0*s - 2*s**3 - 5*s + 2 - 5*s**2 + 0*s. What are the prime factors of m(-5)?
3
Suppose 0 = -2*n - n - 6. What are the prime factors of (-15)/n*(-6)/(-5)?
3
Suppose z = 4*x - 3*z - 64, 5*x = 4*z + 85. What are the prime factors of x?
3, 7
Let o be (9/2)/((-10)/20). Let f = o - -22. List the prime factors of f.
13
Let h = 179 - 63. What are the prime factors of h?
2, 29
Let g be (1 + -4 + 22)/1. Let i = -10 + g. What are the prime factors of i?
3
Suppose 0 = -2*l - 2*l + 120. List the prime factors of l.
2, 3, 5
Let f(g) = g**2 + g - 2. Let s be f(-3). Suppose 0 = 4*o - 4*z - 52, -z - s = 3*z. List the prime factors of o.
2, 3
Suppose -s - 3*s = 5*m - 41, 6 = 4*s - 2*m. Suppose 3*y - 29 = 4*d, -s*d = -5*y + y + 32. What are the prime factors of y?
3
Let b(j) = 6*j + 5*j - 5*j. What are the prime factors of b(5)?
2, 3, 5
Let p(w) = 2*w**2 + 11*w + 18. List the prime factors of p(-5).
13
Let l = 1 - -1. Suppose l*z - 3*k - 48 = 0, z = 2*z + 3*k - 24. List the prime factors of z.
2, 3
Let z(n) = 7*n + 1. Let s be z(-3). Let g(h) = h**3 - 10*h**2 + 9*h - 2. Let x be g(9). List the prime factors of (-35)/s + x/(-8).
2
Suppose 28 = -2*g + 6*g. Suppose -k + g = -20. What are the prime factors of k?
3
Suppose -4*n - n = -185. Suppose 3*g + 3*v + 14 = 38, -4*g + v + n = 0. What are the prime factors of g?
3
Let r(b) = 2*b**2 - 8*b - 13. List the prime factors of r(8).
3, 17
Let u(z) = -z**2 - 21*z + 3. List the prime factors of u(-15).
3, 31
Suppose 6*a = 5*a - 4. Let m(t) = 3*t + 4. Let w be m(a). What are the prime factors of (-98)/(-8) - 6/w?
13
Let c = -11 - -8. Let i be (-2)/(-2) + (-9)/c. Suppose -2*s + 29 = -3*h, -h + 59 = 5*s - i*h. What are the prime factors of s?
2, 5
Let f = 8 + -9. What are the prime factors of f/1*(-5 + -6)?
11
Suppose -3*s = -5*u - 100, 4*u - 3 = -s + 2. What are the prime factors of s?
5
Let l = 143 - 82. List the prime factors of l.
61
Suppose -16 + 96 = 5*g. Suppose -o + 99 = 2*t, -3*o + 45 = t + 2*o. Suppose -c + g = -0*c + l, -3*c + t = l. List the prime factors of c.
17
Suppose 6*g + 14 = 5*c + 4*g, g = 4*c - 10. Suppose 0 = 6*b - c*b - 40. What are the prime factors of b?
2, 5
Let b be -3*4*(-22)/12. Suppose 16 = 5*g - 3*u, 5*u + 7 = b. Suppose c = g + 3. What are the prime factors of c?
2
Suppose -2*o - o + 9 = 0. Suppose 0 = -g - o, -g + 2*g - 22 = -w. What are the prime factors of w?
5
Suppose 0 = 2*b + 4*r - 0*r - 76, 0 = -4*r - 4. What are the prime factors of b?
2, 5
Suppose 0*p + 2*p = -6. Let i be (1 + 0)/(p - -4). Suppose 2*v = 9 - i. What are the prime factors of v?
2
Let d = -2 + 4. Suppose 3*c - 3*n - 6 = 0, -c + 1 = 5*n - 7. Suppose -d*g + 25 = c*g. What are the prime factors of g?
5
Suppose -2*w + 4*o = 3*o, 5*w = -5*o - 15. Suppose 14 = 2*b + 4*x, 4*x + x - 24 = 4*b. List the prime factors of (7 + 0)*b*w.
7
Let t(v) = 49*v + 2. Let h be (-2)/(-2)*-2 - -4. Let l be t(h). Suppose -2*i - 40 = 5*u - l, 0 = -4*i - 20. What are the prime factors of u?
2, 7
Suppose 0 = -3*f - 0*g + 5*g - 20, f + 8 = 2*g. Suppose f*x = x. Suppose 0 = 3*s - x*s - 12. What are the prime factors of s?
2
Suppose 1 - 21 = 4*a. Let s(c) = -c**2 - 5*c + 4. List the prime factors of s(a).
2
Suppose 4*b - 19 = 5*y + 249, 3*b - 3*y = 204. What are the prime factors of b?
2, 3
Suppose 6 + 4 = 5*u. Suppose -2*l - l + 15 = 0, -u*l = -2*n. Suppose n*h + 23 + 42 = 5*g, 0 = 2*g + 4*h - 32. What are the prime factors of g?
2, 7
Let r = 36 + 47. What are the prime factors of r?
83
Let y(s) be the first derivative of 5*s**2/2 - 2*s - 2. Let t be y(4). What are the prime factors of (-86)/(-18) + 4/t?
5
Suppose -8*m + 3*m = -15. Suppose -3*q + m*s - 2*s - 22 = 0, 4*q + s + 41 = 0. Let f = 23 + q. List the prime factors of f.
2, 7
Let c(w) = 3*w. Suppose -2*i = 5*u - 3*u - 14, 3*i = -u + 13. Let a be c(u). Suppose -y - a = -5*y. List the prime factors of y.
3
Let u be ((-12)/14)/(2/(-14)). Suppose -10 = -u*p + 4*p. Suppose -p*o + 78 = 23. List the prime factors of o.
11
Let s = 66 + -26. List the prime factors of s.
2, 5
Let m(a) = -3 + a + 2 + 5*a + 2*a. List the prime factors of m(2).
3, 5
Suppose -2*p - 3*t + 0*t + 23 = 0, t = -3. List the prime factors of p.
2
Let p = 31 - -88. What are the prime factors of p?
7, 17
Suppose -4*c = 2*z - 48, 39 = 3*c + z + 4. List the prime factors of c.
11
Suppose -4*b + 8 = -0*b. Suppose -b*j + 40 = 2*j. List the prime factors of j.
2, 5
Suppose -2*l = -9 + 17. Let h = 23 - 5. Let o = l + h. List the prime factors of o.
2, 7
Let c = 5 - -6. What are the prime factors of c?
11
Let s(r) be the second derivative of -1/2*r**3 - 6*r**2 + 1/20*r**5 + 0 - r + 2/3*r**4. List the prim